40 - (-2 - -3).
0
Evaluate -14 + -2 + 11 - 4.
-9
What is the value of (-2 + 8 + -2 - 3) + -4?
-3
1 - 5 - (-15 - -15)
-4
What is the value of -11 + 3 - (11 + -12)?
-7
What is the value of 1 + 1 + (0 + -5 - -6)?
3
(1 - -2 - 7) + 5
1
Calculate -37 + 45 - (6 - (1 + 0)).
3
What is the value of 7 + 0 - (-2 + 6)?
3
Calculate 3 + -4 + -5 - (-2 + -5).
1
Calculate -8 + (7 - -3) - (10 + -4).
-4
Calculate 11 - (-6 + 10 + 2).
5
Evaluate 0 - 11 - 1 - -6.
-6
Calculate -2 + 2 + 3 + 1 + -4.
0
0 + -1 + (3 - -2) + -2
2
Evaluate -13 - (7 - -2 - 22).
0
Calculate 1 - (-2 + 4 + 3).
-4
What is the value of 7 + (-7 - (-1 + 2 + -5))?
4
3 + 2 + -9 + 5 + -1
0
Calculate 6 - ((5 - 3) + 0 + 12).
-8
What is the value of 4 + 17 - 14 - 9?
-2
What is the value of -3 - -4 - (8 - 3 - 0)?
-4
What is (-1 + -1 - 2) + 6?
2
What is the value of -6 + (1 - 0) + -5?
-10
What is -5 + 2 - -6 - (2 - -5)?
-4
What is the value of -8 - (-10 + -4) - -1?
7
What is the value of (5 - 1) + (-8 - 0 - -5)?
1
Evaluate -5 - ((-1 - -1) + -1).
-4
What is (-8 - 3) + 8 + (0 - -4)?
1
What is 0 + (0 + 0 - (-26 - -24))?
2
What is the value of 13 + (-2 - 1) + -3 + 2?
9
-2 - (-5 + 3) - (-4 - -4)
0
What is the value of 1 - (-2 - 2 - 2)?
7
Evaluate -3 + (5 + -3 - -3).
2
What is the value of 2 + (-8 - (-8 + 12))?
-10
6 - 13 - (-5 - 0 - 1)
-1
Evaluate 4 - 1 - (6 + 4 - 2).
-5
What is (-34 - -26) + (0 - -2)?
-6
What is -6 - (-5 + -4) - 2?
1
Evaluate 3 + -6 - 0 - 0 - -3.
0
1 - (-1 - 1) - (13 - 12)
2
What is -8 + -6 - -2 - -6?
-6
Evaluate (5 - 1) + -3 + -1 + 5.
5
Calculate (3 - 4) + -11 + 13.
1
Calculate -5 + 1 + 5 + -2 + 0.
-1
Evaluate 2 + -3 + 4 + -1 + 2.
4
What is the value of (2 - (1 - 5)) + 2 - 7?
1
Calculate (-4 - -3) + -8 + (0 - -5).
-4
Calculate (0 - -4 - 4) + -2.
-2
What is the value of -31 + 16 + -1 - (-6 + -1)?
-9
What is (-83 - -82) + (7 - 1)?
5
Calculate -3 + (-4 + 0 - -8).
1
What is the value of 17 + (-15 - -6) - 15?
-7
What is the value of 11 - (-9 + 23 + -6)?
3
-7 + -3 + 3 + (20 - 8)
5
What is 1 + 12 + -3 + -11?
-1
What is the value of 4 + (2 - -2) - 3?
5
What is (-11 - -2) + (6 - -5)?
2
Calculate -7 - ((11 - 0) + -14).
-4
(2 + -1 - -8) + (1 - 7)
3
What is the value of 3 - (9 + -3 - -2)?
-5
Calculate 1 + (0 - (-10 + 18)).
-7
What is -18 + (0 - (-9 + -1))?
-8
Evaluate 4 + -15 + -4 + 12.
-3
What is the value of (20 - -2) + (9 - 20)?
11
What is (-1 - 0) + -7 + 7?
-1
What is the value of -27 + 22 + -11 + (1 - -4)?
-11
Evaluate 8 - (-12 + (8 - -3)).
9
What is the value of -2 + 0 + (0 - (-2 + 1))?
-1
Calculate 36 + -41 - (-9 + 2).
2
Evaluate -3 - 1 - (9 - 12).
-1
Calculate -10 + (-4 - -1 - -6).
-7
What is the value of (-6 - (-4 + -4)) + 1?
3
Evaluate -8 + 4 - 1 - -2.
-3
What is 0 + -8 - -2 - -13?
7
Evaluate 5 + (-8 - -3) + -4 + 1.
-3
What is the value of 1 + -6 - -6 - (3 - -3)?
-5
What is the value of -1 + 5 - (0 - 0)?
4
What is (5 - (3 + 1)) + 0 + -3?
-2
Calculate 9 + -6 + (2 - 9).
-4
Evaluate -12 + 17 + (-8 - -1) + -2.
-4
-1 + (0 - -1) + 6 + -3
3
Evaluate 4 - (-4 + 6) - (1 - -3).
-2
(2 - 7) + 2 - -9
6
Calculate 0 - 3 - (-3 - 0 - -2).
-2
-2 + 9 + (-10 - -3)
0
What is (6 + -4 - -2) + (-1 - -1)?
4
What is (-7 - -2) + (0 - -12) + -3?
4
What is the value of (-3 - (0 + -3)) + -2?
-2
What is the value of 16 + (-15 - (-14 + 0 + 6))?
9
Calculate (-17 - -11) + (0 + 0 - -1).
-5
Calculate -1 + 1 + 5 + -6 + 5.
4
Calculate -1 + 4 + (1 - 1) + 0.
3
What is -4 + 7 + 0 + 0?
3
-8 + -6 + 8 - 0
-6
Calculate -8 + 2 - (-1 + 2 + -11).
4
What is -2 + 3 + 2 + -10 + 2?
-5
Evaluate 1 + (1 - 3) + (-3 - -4).
0
Evaluate 9 - 5 - (3 - (0 + -1)).
0
(1 - 4 - (-1 - 0)) + 4
2
Evaluate (7 - (-1 - -5)) + (1 - 3).
1
What is the value of 26 + -29 + (-2 - -1)?
-4
Calculate (5 - -1) + -18 + 17.
5
Calculate -3 + 3 + -1 + 2.
1
Calculate 26 + -21 - (-1 + -1).
7
What is (4 - ((-4 - -14) + -2)) + 4?
0
What is the value of -11 + -5 - -9 - -7?
0
Evaluate 5 - 0 - (23 + -17).
-1
7 + -2 - (2 - 1) - 1
3
What is -2 - (-1 + 0) - 2?
-3
-1 + 6 + -2 + 0
3
What is 6 + -6 + (9 - 4)?
5
Calculate (6 + -14 - -4) + 1.
-3
0 - -1 - -4 - 5
0
7 + -2 + 2 - 9
-2
-4 + 1 + (-6 - -10 - 8)
-7
Calculate 27 + -39 - (-1 + -5).
-6
Evaluate 7 + 1 + -14 + 6.
0
What is the value of -6 + 3 + -4 + -4 + 9?
-2
What is the value of 3 + -2 + (34 - 30)?
5
What is -21 - -19 - (-2 - 1)?
1
Calculate -20 + 22 + (2 - 2).
2
What is the value of 19 - 20 - (3 + (-2 - -4))?
-6
5 - 7 - (-1 + 1)
-2
Evaluate -2 + 0 + 4 + 6 - 2.
6
What is the value of 10 + (8 - 18) + -6?
-6
What is -11 - (-9 + 8 + -17)?
7
Calculate (-1 - 2) + 5 + -5.
-3
Calculate 3 + 0 - (4 + -2 + 0).
1
What is 0 + -9 - (0 - 5)?
-4
What is (3 - 6) + 2 + 0 + 0?
-1
Calculate (1 - (-16 + 8 - -18)) + 7.
-2
Calculate -4 + 2 + 1 + -3.
-4
What is (-1 - 1) + -3 + -8 + 12?
-1
What is the value of -5 + 2 - (-2 + 5 + -8)?
2
Evaluate 2 + 1 + -3 + -2.
-2
What is the value of (-5 - -31) + -44 - (-8 - 0)?
-10
What is the value of (-17 - (6 - 14)) + 9?
0
6 + (-5 - 0 - 5) - -1
-3
Evaluate 1 - (-6 - (-10 - -5)).
2
What is the value of 3 + -3 - (1 - (-1 + 4))?
2
What is the value of -1 + (-24 - -10) + 8?
-7
-10 + 1 + (-3 - -4)
-8
Calculate -8 + 2 + -1 + 2.
-5
What is (1 - 1) + (4 - 7)?
-3
What is the value of -11 - (-8 + (-8 - -12))?
-7
What is the value of 2 + 1 - (16 + -22)?
9
Calculate -10 + 5 - (-4 - -3) - -9.
5
Evaluate -6 - (-6 + (0 - -1)).
-1
What is -2 + 0 + 1 + 3 - -1?
3
What is -5 - (3 + -8) - -2 - -1?
3
What is the value of (3 - (5 - 0)) + 5?
3
Calculate 1 + (0 - -1) + 267 + -262.
7
2 + 0 + -1 + (38 - 33)
6
Evaluate -2 - (3 + -2) - (-333 - -325).
5
What is the value of -4 + -10 + 9 + (-1 - -2)?
-4
Calculate (0 - -8 - 1) + -5 + 3.
5
What is -6 - -1 - (-8 + 4)?
-1
-6 + 3 + 7 + -1
3
What is -3 - ((-3 - -3) + -7)?
4
What is the value of (-6 - -1) + 0 - (0 + -3)?
-2
Evaluate -3 - -4 - (1 + -1).
1
Calculate (-5 - 0) + 10 + 5 + -8.
2
Evaluate (-4 + 4 - -8) + -3.
5
Evaluate (-1 - 2) + -8 + 11 + -8.
-8
What is the value of -2 + 5 + -7 + 4 + -3?
-3
What is the value of -5 + (3 - -2) - (0 - -1)?
-1
What is (11 - (-7 + 13)) + -3?
2
Calculate (-6 - -16 - 3) + -6.
1
Calculate 10 - 3 - (1 + (-7 - -10)).
3
What is the value of -3 - (-9 + 8 - -2)?
-4
What is the value of -3 - (4 - (4 - 3 - -3))?
-3
What is (-17 - -17) + (0 - 2)?
-2
Calculate (14 - 13) + -4 + 1 + -2.
-4
What is the value of 45 + -46 - (-2 - -2)?
-1
Evaluate 2 + 2 + 1 + (2 - 2).
5
What is (2 + 0 - 0) + -1 + -6?
-5
What is (8 + -1 - (21 - 12)) + 7?
5
Evaluate 3 + (-3 - 1) + 2.
1
What is -12 + 7 + 1 - (4 - 0)?
-8
Calculate 2 - ((-1 - 0) + -1 + 3).
1
What is (1 - 2 - -3) + 3 - 0?
5
Evaluate 2 + 0 - ((5 - 7) + -2).
6
Calculate 1 + 3 - (-3 - (-8 + 5)).
4
What is 5 + (1 - 2) + -4?
0
Calculate -5 + 5 + (-2 - -2).
0
(0 + 5 - 7) + 3 + -2
-1
Evaluate 7 - (-26 - -19 - (2 + -20)).
-4
Calculate 8 - 6 - -4 - 11.
-5
What is the value of -7 + (-3 - -13) - -1?
4
9 + -3 - (29 + -24)
1
What is -11 - (9 + -1 - 16)?
-3
What is -4 - (-31 + 27 + 0 + 6)?
-6
What is 7 + -1 - (7 - 4)?
3
What is the value of -6 + 2 + 0 + 6?
2
-5 + -1 + -8 + 4 + 15
5
(2 - -3) + -4 + 2 - 9
-6
What is 1 - (0 + -1) - -1?
3
Evaluate 5 - 3 - ((-3 - -13) + -4).
-4
9 + 0 + 0 + -4 + 0
5
Calculate 2 + (-12 - -14) + (4 - 1).
7
11 + -8 - ((-2 - 0) + 12)
-7
Calculate (0 - 0) + (-19 - -1 - -20).
2
7 - ((-6 - 4 - -4) + 8)
5
Evaluate 0 + (3 + -10 - -12) + -9.
-4
(-4 - 6) + 6 + 0
-4
What is the value of 0 + 5 + -9 + 8?
4
What is -5 + -2 + (-1 - -3)?
-5
Evaluate (-3 - (7 + -6) - -10) + -6.
0
5 + (0 - (4 - -1))
0
What is -2 - (1 + -5) - 2?
0
What is -3 + 13 - (-8 + 21)?
-3
Calculate 5 + (4 + -11 - 1 - 0).
-3
What is 9 + -14 + -10 + 23?
8
Calculate 7 - -11 - (12 - -2).
4
-2 + (2 - (4 - 1))
-3
What is (-6 - 0) + -41 + 47?
0
-1 + (-4 - (-7 + -1))
3
What is -6 + 5 + -8 + 4?
-5
What is 2 + (2 - (-7 - (4 + -9)))?
6
What is (9 - 4 - 10) + 3?
-2
Evaluate (97 - 89) + 1 + -2.
7
What is the value of (3 - -1 - 8) + 2?
-2
Calculate -2 - (-2 - (-1 - 0)).
-1
What is the value of 3 - (1 - 6) - 4?
4
6 + -10 + (-2 - -5) + -3
-4
Evaluate (-2 - 0) + (0 - (-1 - 0)).
-1
(2 - -3) + (18 - 21) - 11
-9
-1 - (-4 - -3 - 2)
2
Evaluate 3 - (-5 + 5) - (0 + 6).
-3
Calculate 2 + -1 + 3 + (-8 - -4).
0
What is 3 + -6 + -5 + 5?
-3
Evaluate (0 + 2 - 4) + -5 + 1.
-6
10 + -18 - (6 - 14)
0
Evaluate 8 + 0 + -4 + 3.
7
Evaluate 3 - (3 - (-1 - -7)).
6
Evaluate 0 - (-6 - (-2 + 7 + -6)).
5
Calculate (6